{"id":29977,"date":"2023-01-25T21:06:37","date_gmt":"2023-01-25T20:06:37","guid":{"rendered":"https:\/\/primaapartamentos.com\/optional-services\/"},"modified":"2023-12-18T21:24:39","modified_gmt":"2023-12-18T20:24:39","slug":"optional-services","status":"publish","type":"page","link":"https:\/\/primaapartamentos.com\/pl\/optional-services\/","title":{"rendered":"Us\u0142ugi dodatkowe"},"content":{"rendered":"\n<p>Wszystkim go\u015bciom odwiedzaj\u0105cym nasze apartamenty chcieliby\u015bmy zaproponowa\u0107 dwie opcjonalne us\u0142ugi zwi\u0105zane z transportem z i na lotnisko oraz specjaln\u0105 us\u0142ug\u0119 polegaj\u0105c\u0105 na przygotowaniu pakietu \u201epe\u0142na lod\u00f3wka\u201d.<\/p>\n\n\n\n<h4 class=\"wp-block-heading\">Transfer z lotniska<\/h4>\n\n\n\n<p>Go\u015bciom odwiedzaj\u0105cym nasze apartamenty oferujemy transfer z lotnisk w Alicante lub w Murcii.<\/p>\n\n\n\n<p>Stawka za kurs w jedn\u0105 stron\u0119 wynosi&nbsp;<strong>55 EUR<\/strong>&nbsp;(Torrevieja i Orihuela Costa) lub <strong>65 EUR<\/strong> (Torre de la Horadada) i obejmuje transfer z lotniska do apartamentu dla max. 4 os\u00f3b. W ramach ceny udost\u0119pniamy &nbsp;foteliki dzieci\u0119ce, je\u015bli jest taka potrzeba.<\/p>\n\n\n\n<p>Do kurs\u00f3w rozpoczynaj\u0105cych si\u0119 przed godzin\u0105 6.00 rano lub ko\u0144cz\u0105cych si\u0119 po godzinie 24.00 doliczamy <strong>10 EUR<\/strong><\/p>\n\n\n\n<figure class=\"wp-block-image size-full\"><a href=\"https:\/\/primaapartamentos.com\/wp-content\/uploads\/2023\/01\/transport_1024x256.jpg\"><img fetchpriority=\"high\" decoding=\"async\" width=\"1024\" height=\"256\" src=\"https:\/\/primaapartamentos.com\/wp-content\/uploads\/2023\/01\/transport_1024x256.jpg\" alt=\"\" class=\"wp-image-29965\" srcset=\"https:\/\/primaapartamentos.com\/wp-content\/uploads\/2023\/01\/transport_1024x256.jpg 1024w, https:\/\/primaapartamentos.com\/wp-content\/uploads\/2023\/01\/transport_1024x256-300x75.jpg 300w, https:\/\/primaapartamentos.com\/wp-content\/uploads\/2023\/01\/transport_1024x256-768x192.jpg 768w\" sizes=\"(max-width: 1024px) 100vw, 1024px\" \/><\/a><\/figure>\n\n\n\n<p>\n<h4 class=\"wp-block-heading\">Pakiet \u201epe\u0142na lod\u00f3wka\u201d<\/h4>\n\n\n\n<p>Aby zapewni\u0107 Pa\u0144stwu mo\u017cliwo\u015b\u0107 korzystania z wakacji od pierwszych chwil dotarcia na miejsce proponujemy us\u0142ug\u0119 polegaj\u0105c\u0105 na zaopatrzeniu lod\u00f3wki w podstawowe produkty: &nbsp;zimne napoje, przek\u0105ski, owoce itp.<\/p>\n\n\n\n<p>Zam\u00f3wienie mo\u017ce obejmowa\u0107 max. 10 rodzaj\u00f3w produkt\u00f3w spo\u017cywczych.<\/p>\n\n\n\n<p>Za us\u0142ug\u0119 do rachunku doliczamy&nbsp;<strong>10 EUR<\/strong>.<\/p>\n\n\n\n<figure class=\"wp-block-image size-full\"><a href=\"https:\/\/primaapartamentos.com\/wp-content\/uploads\/2023\/01\/pelna-lodowka_1024x256.jpg\"><img decoding=\"async\" width=\"1024\" height=\"256\" src=\"https:\/\/primaapartamentos.com\/wp-content\/uploads\/2023\/01\/pelna-lodowka_1024x256.jpg\" alt=\"\" class=\"wp-image-29968\" srcset=\"https:\/\/primaapartamentos.com\/wp-content\/uploads\/2023\/01\/pelna-lodowka_1024x256.jpg 1024w, https:\/\/primaapartamentos.com\/wp-content\/uploads\/2023\/01\/pelna-lodowka_1024x256-300x75.jpg 300w, https:\/\/primaapartamentos.com\/wp-content\/uploads\/2023\/01\/pelna-lodowka_1024x256-768x192.jpg 768w\" sizes=\"(max-width: 1024px) 100vw, 1024px\" \/><\/a><\/figure>\n","protected":false},"excerpt":{"rendered":"<p>Wszystkim go\u015bciom odwiedzaj\u0105cym nasze apartamenty chcieliby\u015bmy zaproponowa\u0107 dwie opcjonalne us\u0142ugi zwi\u0105zane z transportem z i na lotnisko oraz specjaln\u0105 us\u0142ug\u0119 polegaj\u0105c\u0105 na przygotowaniu pakietu \u201epe\u0142na lod\u00f3wka\u201d. Transfer z lotniska Go\u015bciom odwiedzaj\u0105cym nasze apartamenty oferujemy transfer z lotnisk w Alicante lub w Murcii. Stawka za kurs w jedn\u0105 stron\u0119 wynosi&nbsp;55 EUR&nbsp;(Torrevieja i Orihuela Costa) lub 65 &#8230;<\/p>\n","protected":false},"author":4,"featured_media":0,"parent":0,"menu_order":0,"comment_status":"closed","ping_status":"closed","template":"","meta":{"footnotes":""},"class_list":["post-29977","page","type-page","status-publish","hentry"],"_links":{"self":[{"href":"https:\/\/primaapartamentos.com\/pl\/wp-json\/wp\/v2\/pages\/29977","targetHints":{"allow":["GET"]}}],"collection":[{"href":"https:\/\/primaapartamentos.com\/pl\/wp-json\/wp\/v2\/pages"}],"about":[{"href":"https:\/\/primaapartamentos.com\/pl\/wp-json\/wp\/v2\/types\/page"}],"author":[{"embeddable":true,"href":"https:\/\/primaapartamentos.com\/pl\/wp-json\/wp\/v2\/users\/4"}],"replies":[{"embeddable":true,"href":"https:\/\/primaapartamentos.com\/pl\/wp-json\/wp\/v2\/comments?post=29977"}],"version-history":[{"count":3,"href":"https:\/\/primaapartamentos.com\/pl\/wp-json\/wp\/v2\/pages\/29977\/revisions"}],"predecessor-version":[{"id":31778,"href":"https:\/\/primaapartamentos.com\/pl\/wp-json\/wp\/v2\/pages\/29977\/revisions\/31778"}],"wp:attachment":[{"href":"https:\/\/primaapartamentos.com\/pl\/wp-json\/wp\/v2\/media?parent=29977"}],"curies":[{"name":"wp","href":"https:\/\/api.w.org\/{rel}","templated":true}]}}

Usługi dodatkowe

<p>Wszystkim gościom odwiedzającym nasze apartamenty chcielibyśmy zaproponować dwie opcjonalne usługi związane z transportem z i na lotnisko oraz specjalną usługę polegającą na przygotowaniu pakietu „pełna lodówka”.</p>



<h4 class="wp-block-heading">Transfer z lotniska</h4>



<p>Gościom odwiedzającym nasze apartamenty oferujemy transfer z lotnisk w Alicante lub w Murcii.</p>



<p>Stawka za kurs w jedną stronę wynosi&nbsp;<strong>55 EUR</strong>&nbsp;(Torrevieja i Orihuela Costa) lub <strong>65 EUR</strong> (Torre de la Horadada) i obejmuje transfer z lotniska do apartamentu dla max. 4 osób. W ramach ceny udostępniamy &nbsp;foteliki dziecięce, jeśli jest taka potrzeba.</p>



<p>Do kursów rozpoczynających się przed godziną 6.00 rano lub kończących się po godzinie 24.00 doliczamy <strong>10 EUR</strong></p>



<figure class="wp-block-image size-full"><a href="https://primaapartamentos.com/wp-content/uploads/2023/01/transport_1024x256.jpg"><img fetchpriority="high" decoding="async" width="1024" height="256" src="https://primaapartamentos.com/wp-content/uploads/2023/01/transport_1024x256.jpg" alt="" class="wp-image-29965" srcset="https://primaapartamentos.com/wp-content/uploads/2023/01/transport_1024x256.jpg 1024w, https://primaapartamentos.com/wp-content/uploads/2023/01/transport_1024x256-300x75.jpg 300w, https://primaapartamentos.com/wp-content/uploads/2023/01/transport_1024x256-768x192.jpg 768w" sizes="(max-width: 1024px) 100vw, 1024px" /></a></figure>



<p>
<h4 class="wp-block-heading">Pakiet „pełna lodówka”</h4>



<p>Aby zapewnić Państwu możliwość korzystania z wakacji od pierwszych chwil dotarcia na miejsce proponujemy usługę polegającą na zaopatrzeniu lodówki w podstawowe produkty: &nbsp;zimne napoje, przekąski, owoce itp.</p>



<p>Zamówienie może obejmować max. 10 rodzajów produktów spożywczych.</p>



<p>Za usługę do rachunku doliczamy&nbsp;<strong>10 EUR</strong>.</p>



<figure class="wp-block-image size-full"><a href="https://primaapartamentos.com/wp-content/uploads/2023/01/pelna-lodowka_1024x256.jpg"><img decoding="async" width="1024" height="256" src="https://primaapartamentos.com/wp-content/uploads/2023/01/pelna-lodowka_1024x256.jpg" alt="" class="wp-image-29968" srcset="https://primaapartamentos.com/wp-content/uploads/2023/01/pelna-lodowka_1024x256.jpg 1024w, https://primaapartamentos.com/wp-content/uploads/2023/01/pelna-lodowka_1024x256-300x75.jpg 300w, https://primaapartamentos.com/wp-content/uploads/2023/01/pelna-lodowka_1024x256-768x192.jpg 768w" sizes="(max-width: 1024px) 100vw, 1024px" /></a></figure>

<p>Wszystkim gościom odwiedzającym nasze apartamenty chcielibyśmy zaproponować dwie opcjonalne usługi związane z transportem z i na lotnisko oraz specjalną usługę polegającą na przygotowaniu pakietu „pełna lodówka”. Transfer z lotniska Gościom odwiedzającym nasze apartamenty oferujemy transfer z lotnisk w Alicante lub w Murcii. Stawka za kurs w jedną stronę wynosi&nbsp;55 EUR&nbsp;(Torrevieja i Orihuela Costa) lub 65 &#8230;</p>
